 the highest common divisor of v and 12.
6
Let f(c) = 5*c**2 + 32*c + 6. Let a be f(-6). Suppose -t - 5*t - 24 = 0. Let p be 3 - (5 + (-5 - t) + a). Calculate the highest common factor of p and 25.
5
Let z(i) = 6 + 4*i + 349*i**2 - 352*i**2 - 15*i. Let t be z(-4). What is the highest common factor of 14 and t?
2
Let u = 10308 + -9161. What is the highest common divisor of 93 and u?
31
Suppose 93*c - 8160 = 585 + 15342. What is the highest common divisor of 42 and c?
7
Let w = 24010 + -23122. What is the highest common divisor of 168 and w?
24
Let b be (-13)/(-7) + 5/35. Suppose -17 + b = -3*r - y, 5*r - 25 = 5*y. Suppose 1 = s - r*o - 55, 5*s - o = 184. What is the highest common divisor of s and 24?
12
Let n(s) = -623*s - 2284. Let h be n(-4). What is the highest common factor of h and 650?
26
Suppose -348*u - 81*u = -150150. What is the greatest common divisor of u and 2075?
25
Let x be 12806 + 1/3 + 16/24. What is the highest common divisor of 9 and x?
9
Suppose -12 = 6*a - 2*a. Let w be -2 + 8*15 + a. Let u = -223 + 246. What is the highest common divisor of u and w?
23
Let h(p) = 3*p + 6. Let f be h(6). Let s be 1/5 + (238/(-85))/(-1). What is the greatest common factor of f and s?
3
Suppose 89709 = 273*y - 21675. Calculate the greatest common divisor of 170 and y.
34
Let v be 18/12*212/6*(0 - -68). Calculate the greatest common factor of 136 and v.
68
Let z(r) = 3*r**2 + r. Let m be z(1). Let c be ((-42)/m)/(9/(-108)). What is the greatest common factor of 42 and c?
42
Let p(w) = 9*w**2 - 4*w + 2. Let r be p(1). Let u = 224 - 222. Calculate the highest common divisor of r and u.
1
Let h = 10835 + -10043. What is the greatest common divisor of 708 and h?
12
Suppose 0 = -4*d + 2*a + 130, -5*d + 5*a + 120 = -25. Suppose -2*h - 9 = 1, 5*c - 80 = 4*h. Calculate the highest common factor of c and d.
12
Let o = -4266 - -4335. Calculate the highest common factor of o and 483.
69
Suppose 0*t + 2*m = t - 99, m + 287 = 3*t. Suppose -i + 266 + 6 = 0. Let u = i - 234. What is the greatest common factor of u and t?
19
Let y = -34 - -54. Suppose -13*b = -y*b - 364. Let c = b - -67. Calculate the highest common divisor of c and 6.
3
Suppose 330780*b = 330784*b - 348. Let a(o) = 46*o**3 + 2*o**2 + o - 1. Let c be a(2). Calculate the greatest common factor of c and b.
29
Let m be (15 - 207/18)*264/14. Calculate the highest common factor of m and 231.
33
Suppose 4*d = 5*d - 4. Let x(r) = 6*r + 46. Let l be x(5). Suppose k = 4*c + 59 - 3, 2*k = -4*c + l. Calculate the highest common divisor of d and k.
4
Suppose -28*d = 22*d - 83650. Calculate the greatest common factor of d and 21.
7
Let v = -12658 + 14855. What is the greatest common divisor of 416 and v?
13
Let z = 4075 - 3118. What is the highest common factor of z and 87?
87
Suppose -4*c - 4*l = -20, c + 5*l + 1 = 6. Let f be (-4 - -20) + (c - 9). Suppose -26 + 11 = -5*j. Calculate the highest common factor of j and f.
3
Let s be 36/(-30) - 3512/(-10). What is the highest common factor of 1890 and s?
70
Let f(m) = m**3 + 4*m**2 + 2*m + 17. Let p be f(-4). Let s be (-112)/(-12)*p/6. Calculate the greatest common factor of 224 and s.
14
Let i = 176 + 122. Suppose -i - 417 = -5*c. Calculate the highest common divisor of c and 13.
13
Suppose 4*x = -r + 444, 2*r + 0*x - 4*x = 924. Suppose 0 = 3*c - 7*c + 40. Suppose -7*b + c*b = r. Calculate the greatest common divisor of 19 and b.
19
Suppose 4*k = -k + b, -b = -3*k + 2. Let c be 2390/8 - k*(-9)/(-36). Calculate the highest common divisor of 13 and c.
13
Suppose -3*t = 4*t - 1981. Let z = 767 - t. What is the greatest common factor of 11 and z?
11
Suppose -4*s + 5*o + 5300 = 0, -o + 6650 - 1374 = 4*s. Calculate the highest common factor of 160 and s.
40
Suppose -40*t + 49329 = 23*t. What is the highest common factor of t and 216?
27
Suppose -4*g + 86 = q, 345 = 5*q - 40*g + 43*g. What is the highest common divisor of 2398 and q?
22
Let i(a) = 98*a**2 - 9*a + 40. Let q be i(4). Calculate the greatest common factor of 12 and q.
12
Let l be 0 - -1 - 3 - -26. Let q(a) = 7*a**2 + 173*a - 1062. Let f be q(6). Calculate the greatest common factor of f and l.
12
Suppose -8*a + 2 = -22. Suppose -8 = -i - a. Suppose 0 = -2*h - 2, -4*h - h = i*t - 220. What is the greatest common divisor of t and 180?
45
Let v be (4 - (2 + 0))*27/2. Suppose -v*c + 31*c = 48. Let z(h) = -h**3 + h**2 + 8*h - 3. Let g be z(3). Calculate the greatest common factor of g and c.
3
Let h be 892/(-3)*-198*27/648. Calculate the highest common divisor of 121 and h.
11
Let k be (30/45)/((-8)/30)*48/(-5). Suppose 0 = -3*i - 2*i + 20. Suppose -i*u = -1 - 23. Calculate the greatest common divisor of u and k.
6
Let u be 8 - 10 - (-7)/1. Suppose -9 = -g - u. Let h = 36 - g. What is the greatest common factor of h and 4?
4
Let f(l) = -41*l - 15*l**3 + 44*l + 1 - 4*l**3 + l**2. Let y be f(-1). Let t = 4 + 8. Calculate the greatest common divisor of y and t.
6
Suppose 10*p - 34*p = 4*p - 2464. What is the highest common factor of 36 and p?
4
Suppose -5*v = -27 + 12. Let k(y) = -y**2 + 16*y - 63. Let q be k(8). Let b be (8 + 58)/(q + 1). What is the greatest common factor of v and b?
3
Let v(z) = -17*z + 19. Let g be v(-5). Let p = g + -88. What is the greatest common factor of p and 144?
16
Suppose 0*h = 6*h - 144. What is the highest common factor of h and 132?
12
Let s be 8/(-12) + ((-159)/(-9) - -4). Let v be s/6 + -3 - (-625)/10. Calculate the greatest common factor of v and 105.
21
Suppose -4*c + 234 + 106 = 3*k, 5*k + c = 544. Let y = -80 + k. Calculate the greatest common factor of y and 14.
14
Let w = 12871 + -12460. What is the greatest common factor of 24 and w?
3
Let n(v) = 4*v - 6. Let q(h) = h**2 - 2*h - 3. Let a(b) = 3*b - 2. Let z be a(0). Let k be q(z). Let r be n(k). Calculate the highest common factor of 7 and r.
7
Suppose -3*o - 86 = -17 - 240. What is the greatest common divisor of 95 and o?
19
Let l be (4/(-5))/((-36)/180). Suppose -12 = l*d, 5*k + 35*d - 34*d = 202. What is the greatest common divisor of k and 287?
41
Suppose -33 = -3*s + 3*q, 3*q + 11 - 2 = 0. Suppose -2 = -s*c + 7*c. Suppose -1 = c*l - 5. What is the greatest common factor of 22 and l?
2
Suppose w - 3*z = -z - 3, 2*w = z - 12. Let f(i) = -19*i - 7. Let k be f(w). Calculate the greatest common factor of 9 and k.
9
Let b = -71077 + 117441. Calculate the highest common factor of 173 and b.
173
Let s = -4732 - -4804. What is the greatest common divisor of s and 1548?
36
Let x = 253 + -250. Suppose -4*z = -2*s + 38, -4*z - 43 = -x*s + 16. What is the highest common factor of 15 and s?
3
Suppose 6*n - 64 = 2*n. Let y = 320 + -220. Let w = -76 + y. Calculate the highest common factor of n and w.
8
Let f(k) be the second derivative of k**3/2 + 19*k**2 - 11*k. Let l be f(-12). Let h be (4 + -7)*2/(-3). Calculate the highest common divisor of l and h.
2
Let b be (3/(-18)*40)/(1/(-12)). Let u(t) = -t**3 + 2. Let z be u(0). Suppose 0 = -z*s + 9 + 23. What is the highest common divisor of s and b?
16
Let a be 44/10 - 6/(-10). Suppose u + 5*y = y + 162, a*u = -2*y + 810. What is the highest common divisor of 108 and u?
54
Suppose -5*m + 21 + 144 = 0. What is the highest common divisor of 2849 and m?
11
Suppose 5*k - 572 = -k - 488. Let i = 70 + -40. Suppose 2*v = 26 + i. What is the highest common divisor of k and v?
14
Let c(t) = t**2 + 7*t - 10. Let k be c(6). Let m = 2991 - 2957. Calculate the highest common divisor of k and m.
34
Let h(a) = 2*a**3 - 11*a**2 - 63*a + 344. Let s be h(5). Calculate the greatest common divisor of s and 76.
4
Let p be -1*(-5)/(-15) + (-3707)/(-33). Suppose 934 = 4*m + 150. What is the greatest common factor of m and p?
28
Suppose -4*y = 7 - 55. Suppose 0 = 3*z - 15, h - 2 = 3*h - 2*z. Suppose -y = -h*f + 76. What is the highest common factor of 110 and f?
22
Suppose -n + 0*m - 3*m = -267, -5*n + 4*m = -1354. Suppose -2*f + 47 + 8 = d, 0 = -4*d + 2*f + n. What is the highest common divisor of 15 and d?
5
Let f(c) = -3*c**3 - 21*c**2 - 2*c + 29. Let h be f(-9). What is the highest common factor of 82 and h?
41
Suppose 265 - 28 = 4*d - 99. What is the greatest common factor of 6258 and d?
42
Let r be 8 + (-21)/3 - 33*-4. Suppose -9*q + r = -56. Suppose -5*g = i + 22, 2*i + 3*g = -0 - 9. What i